 (3 - 45))
-1
What is 6 - (16 + -4 - 5) - 7?
-8
7 + -9 + (-2 + 14 - 4)
6
What is -25 + 4 + (37 - 31 - (-1 - -7))?
-21
Calculate (-16 + -25 - -3) + 59.
21
Calculate -152 + 165 + (-25 - -1) + 6.
-5
Evaluate 1 + (0 - 5 - (81 - 81)) - -8.
4
What is (1 - 0 - -1) + (-11868 - -11868)?
2
What is the value of 14 - 6 - 8 - -10?
10
What is the value of (-294 - -273) + -16 + 3?
-34
Calculate -4 - (-5 - (18 + -24 + -1 + 6)).
0
What is the value of -10 - (-2 + 2 + 1 + 1 + -23)?
11
What is 16 + -1 - 7 - (1 - -5)?
2
1 - (6 + 5 + -19 - (7 - 3))
13
(-23 - (-8 + (8 - 4))) + -3 + 2
-20
Evaluate 2 - (-1 + -10 + -31 + (45 - 4)).
3
What is 4 + -1 + (173 - 163)?
13
Evaluate (268 - 267) + (-3 + 8 - (3 + -1)).
4
-12 - (-37 + (-7 - (-14 + 0)))
18
Calculate -21 + 0 + -2 - -2 - (961 - 953).
-29
What is the value of -30 - (-2 + (-7 - -12) + -11) - 6?
-28
144 - 132 - (4 - 10)
18
-4 + 1 - (-14 - (-5 - 0))
6
10 + 18 + -5 + -25 - -9
7
What is (-468 - -468) + (1 - -3)?
4
What is the value of (-3 - -8 - 9) + (27 - 6)?
17
What is 4 - ((-18 - -22) + (-5 - 2))?
7
-23 + 4 - -9 - (2 - 8)
-4
What is the value of 5 + 4 + 0 + (-7 - -8) + 1?
11
What is 1 + -30 + (-2 - -22)?
-9
5 + -28 + -14 - -21
-16
What is the value of (4 - (3 + -7 - -4)) + (39 - 27)?
16
(56 - 47) + -8 + (-11 - -9)
-1
What is 24 - (-11 - (-38 - -10))?
7
Calculate -5 - (1 + -11 + 5) - (-6 - -12).
-6
What is -34 - -1 - (135 + -157)?
-11
10 - (-14 + 0 + 6 - -27)
-9
Calculate (15 + -2 - 12) + -5 - 8.
-12
What is (0 - -13) + (11 - (4 - -5))?
15
1 + -2 + 6 + (49 - (-33 - -81))
6
What is -14 + 50 + -23 + (-3 - 9)?
1
(1 - (-2 + -2) - 10 - -1) + 28
24
Calculate (-245 - -253) + 0 + -17 + -16 + 0.
-25
What is the value of 15 + -11 - 3 - (-3 + -1)?
5
What is (19 - 7) + -8 + -2 + 11?
13
Evaluate (0 - 0) + (1 - (-18 - -18)).
1
Calculate -6 + (-18 - -10 - -16 - 10).
-8
What is -1 + -24 + (3 - (-12 - -6) - 15)?
-31
Calculate (-20 - (19 + -20)) + 6.
-13
Evaluate (63 - 78) + (-2 - 0).
-17
What is the value of 1 + -12 + 17 + 3 + 1?
10
What is the value of 14 + (-4 - 4) + -5?
1
-2 - 1 - 1 - (-7 + 4)
-1
What is -27 - -38 - (27 + 1)?
-17
Calculate 13 + (-3 - (25 - 4)) - (-6 - 1).
-4
What is the value of (4 - (-10 - -2)) + -13 + -6?
-7
What is the value of (-4 - -1) + -13 + -2 + 27?
9
What is the value of -74 - -61 - (-1 - 18)?
6
Evaluate 7 + -8 + 14 + -10 - 13.
-10
What is the value of ((3 - -4) + 0 - 2) + 0 + 3?
8
What is 4 + (10 - 6) + (8 - 15) + 5?
6
Calculate -16 - (-9 + 12 - 11) - -4.
-4
Calculate -29 + 13 + 6 + 5.
-5
What is (0 - -6) + 12 + -10?
8
Calculate 3 - (-8 + 4 + -16 + -6 + 9).
20
What is -12 - (-3 - 0 - -5 - 6)?
-8
What is the value of (22 - 0) + -7 + -2 - 3?
10
Evaluate -2 - (-23 - (-13 + 13)).
21
What is 16 + 0 + -32 - -19?
3
What is -32 + (26 - -37) + -37?
-6
Evaluate -3 - (-7 - 10 - -2 - (10 - 4)).
18
-3 + 4 + -8 + (-4 - -14)
3
(3 - 9 - (-12 - -10)) + 8
4
What is 4 + 1 + -8 - (0 + -2 - -7)?
-8
87 - 85 - (-6 - 1)
9
Evaluate -3 + (-1 - (-9 + 0)) + -27 + 51.
29
Evaluate -58 - -10 - -4 - (-50 + 32).
-26
-3 - ((15 - 21) + -6 - 13)
22
What is the value of (20 + -7 - 19 - -15) + -29?
-20
Evaluate 48 - 55 - (-13 + -6).
12
(9 + (-2 - (-11 + 16)) - 6) + -14
-18
What is the value of -17 + 12 - (-13 + -4)?
12
-22 + 20 + -13 + (0 - -3)
-12
Evaluate (-1 - (-1 - 4)) + (-12 - 2).
-10
Calculate -3 - 5 - -13 - 5 - (6 + 0).
-6
What is the value of -11 - (-17 - -10 - -1)?
-5
What is 0 + 2 + 0 + 1 + -1172 + 1174?
5
Evaluate 0 - 0 - (-4 + 8 + -2 + -3).
1
Calculate (21 - 8) + -6 + -10.
-3
What is 11 + -8 + 4 - (11 - 0)?
-4
Calculate (-10 - 7) + (2 - 12 - 1).
-28
Evaluate -6 - -6 - (-1 - (8 - 9)).
0
What is (-44 - -61) + (-9 - -4) + 5?
17
Calculate 1 - (14 - (8 + -2 + 12)).
5
Calculate -8 + (9 + -1 - ((52 - 0) + -63)).
11
7 + (5 - -10) + -9 - (2 + 0)
11
Evaluate -9 - (-1 - 0) - ((4 - 8) + 0).
-4
Evaluate (2 - -18) + 8 + -11 - 10.
7
12 + 22 - (5 - 1) - (-2 + 6)
26
Calculate (-7 - (-1 - -3)) + 31 + -31.
-9
Calculate (93 - 90) + (-2 - (-1 + 3 - 1)).
0
1 + 0 - (10 + 6 + -18) - 36
-33
Evaluate 5 - (11 - (9 - 4)) - (-9 - -20).
-12
What is (-2 - -38 - -7) + (-7 - 9)?
27
What is the value of 14 + (12 - 12) + -9?
5
Calculate (-9 - -4) + 14 + (49 - 43).
15
Calculate (-9 - (0 - -1)) + (35 - (-8 + 44)).
-11
What is the value of (0 - 3) + (-2 - 2 - (77 + -87))?
3
(7 - ((8 - 7) + 7)) + 16
15
Calculate -8 + (23 - 7) - (101 - 96).
3
Evaluate -8 + ((11 - 8) + 6 - 3) + 21.
19
Evaluate ((6 - 6) + 12 - 41) + 6.
-23
What is the value of -44 + 60 - (4 - -1)?
11
What is the value of -67 + 62 + (2 - -12) + 8?
17
What is (2 + -5 - (-13 + 6)) + 11 - 4?
11
What is the value of 7 - ((38 - 16) + -22)?
7
What is the value of -6 - (23 - 24 - (-2 - -8))?
1
Evaluate 13 + 9 - 15 - 19 - -2.
-10
1 + 3 + 2 + -11 + (-1 - -1)
-5
What is 2 - 1 - (0 + 16 + 33 + -39)?
-9
0 + (9 - 4 - -4) + 14
23
Calculate (998 - 995) + (-1 - (17 - -1)).
-16
-1 + (-2 - (-5 - 5)) - 29
-22
What is 7 - (12 + -2 + -16 + 3) - 26?
-16
-1 + 2 + -63 + 25 + 12
-25
Evaluate (17 - -5) + -22 + -8.
-8
Evaluate 6 + -33 + 3 + 16.
-8
What is (8 - 2 - 10) + -4?
-8
Calculate 8 - (23 - 1) - (-5 - -2).
-11
Calculate 5 + (-14 - ((-3 - 1) + 1)).
-6
Evaluate 24 - (10 - (-6 - (-18 + 10))).
16
4 - -66 - 30 - 17
23
(1 - (-3 + (7 - 4))) + -4 - 4
-7
Evaluate 4 + (26 - 18) + (2 - -3).
17
-57 + 66 - (-3 - 0)
12
2 - (14 - (6 + 0 + -1 + -2))
-9
Evaluate -2 - -13 - (-101 + 104).
8
Evaluate (-4 - -16) + -22 - -4.
-6
Evaluate -14 + -11 + (28 - 13).
-10
4 + (-4 - (-8 - (-12 - 5)))
-9
What is -10 + 8 + -10 - -11?
-1
Calculate (3 - 6) + 2 - (10 - 5) - -9.
3
What is the value of (-1 - 4) + 7 + -6 + 5 + 0?
1
(15 - -7) + (82 - 105)
-1
-7 + (-6 - -16) + -8 + 20
15
What is the value of 4 + -9 + 15 + -10?
0
Calculate 11 + 4 + -17 - (1 - (16 + -1)).
12
What is (-8 - (19 - 24)) + 24?
21
(-1 - (-4 - -1)) + (0 - (-2 + 10))
-6
What is the value of -15 + 22 + -14 + 4?
-3
Calculate -19 - -18 - 7 - -3.
-5
47 - 60 - (-23 + -3)
13
What is the value of 2 + 3 + 0 + -11 + 2 - -10?
6
(20 - 47) + 0 + 13 + -8 + 5
-17
(-57 - -4 - (-23 - -10)) + 13
-27
Evaluate (3 - 5) + -3 + (24 - 22) - -5.
2
Calculate 2 + (-1 + -5 + -4 + 5 - 6).
-9
What is the value of 2 + -1 - -1 - (100 - 93)?
-5
-4 - ((18 - 5) + -5 - (7 + 7))
2
Evaluate 38 - -2 - 31 - -17.
26
-1 + 12 + 6 + 17 + -21
13
What is (-14 - -19) + 0 - 12 - -8?
1
Evaluate (14 - 3 - -1) + (-802 - -778).
-12
Evaluate 7 + 2 - (9 + 5).
-5
What is the value of (24 - 2) + (1 - (6 - -1 - -3))?
13
Evaluate 4 - (-9 - (9 - 23)) - 5.
-6
What is the value of -1 + (14 - (8 + -20)) + -9?
16
-2 - (3 + (4 - (-7 + 5)))
-11
Evaluate -32 + -14 + 31 + 0 + 2.
-13
What is the value of 655 + -664 + 0 + 42?
33
What is the value of (2 + -2 - 3 - (3 - 7)) + 9?
10
What is the value of -43 - (-5 - (13 - 6) - 4)?
-27
What is the value of -22 - (7 + -4 + -25)?
0
What is (31 - (-6 + 4 + 1)) + -23 + 11?
20
24 + (-42 - (29 + -54))
7
Calculate (-10 - -1) + (-113 - -116).
-6
What is -12 + (17 - -2 - 16) - (6 + 0)?
-15
What is the value of 1 + 4 - ((1 + 0 - -6) + 12)?
-14
What is -4 - (0 + -20 - (0 + 7 - 14))?
9
-3 - (8 - 5) - (5 + 1)
-12
Calculate 2 + 0 + 13 + -21 + 19.
13
112 + -122 + 8 + 1
-1
Evaluate -16 - (0 + 7 + -8 - -6) - 7.
-28
What is the value of 4 - (1 - (-7 + 11 - 15))?
-8
What is -1 - ((2 - -5) + -2 + 560 + -560)?
-6
What is the value of -27 - ((2 - 5) + -7)?
-17
Calculate 7 + (3 - 1) + 6 + -11 + 10.
14
What is the value of 4 + 7 + -19 - (-3 - 3) - -19?
17
13 + (-15 - (-40 - 6 - -12))
32
What is the value of -20 - (7 - 1 - 13) - -17?
4
What is the value of 4 + 1 + -2 + -5 + -3 + 9?
4
Calculate 2 + (0 - ((0 - -6) + -62 + 29)).
29
What is -2 + 7 - (-10 - -5) - 8?
2
(-8 - -5) + 12 + -13 - (0 - 16)
12
What is the value of -6 - (6 - 4) - (11 - 4)?
-15
What is the value of 0 - (17 + -5) - (12 - (21 - -2))?
-1
Calculate 1 - (4 + 5 + 3).
-11
Calculate (-26 - -3) + (48 - 47) - -7 - 11.
-26
What is 34 - (-31 + 24 - -28)?
13
Evaluate 5 - (20 + 29 + -16).
-28
What is 38 + -37 + -7 + -5 + -1 + -4?
-16
What is the value of -4 - (-42 + 29) - 23?
-14
Calculate -1 - -11 - (90 + -85) - -4.
9
What is (2 - -4 - 7) + (5 - 14)?
-10
(2 - 12) + (-31 + 34 - -24)
17
Evaluate 1 + 41 + -3396 + 3326.
-28
Calculate 1 - (1 - (4 - 0)) - 17.
-13
Calculate (-2 - (13 - -1) - -6) + 28.
18
(-2 - -5) + (118 + -137 - (-1 + -10))
-5
Evaluate -25 + 16 + 3 + (-6 - 1).
-13
(21 -